4/2 - m**3/6 - 30*m**2 + 7. Give x(-1).
11
Let n(b) = 3*b**3 - b**2. Suppose o - 6*o = 190. Let l = o - -22. Let k = -15 - l. What is n(k)?
2
Let o(m) = 7*m**3 - 18*m**2 + 11*m - 23. Let h(t) = 3*t**3 - 9*t**2 + 5*t - 11. Let c(n) = -5*h(n) + 2*o(n). Calculate c(9).
-18
Let s(t) = -2 - 4*t - t**2 + 3*t + t**3 - 4. Suppose -3*q + 14 = 4*q. Let h be (-12)/8*q + 3. Calculate s(h).
-6
Let m(t) = -3*t**2 + 10*t + 16. Let n(w) = 2*w**2 - 9*w - 14. Let f(s) = 4*m(s) + 5*n(s). Determine f(-4).
-18
Let h(m) be the third derivative of 0 + 32*m**2 - 1/2*m**3 + 1/120*m**6 + 1/8*m**4 + 0*m - 1/15*m**5. Let c be 1/2 - 10/(-4). Calculate h(c).
-3
Let l(f) = -f - 18*f + 20*f. Give l(10).
10
Let x(p) = -6 + 2*p - 6*p + 2*p. Let s be -4 + 2 + 3 + 3. Suppose -s = 2*i + 4. Give x(i).
2
Suppose -2*q = -4*q + 8. Suppose 5*m - 4 = -3*g + 10, 0 = -g - m + q. Let f(r) = -4*r - r**3 + 5 - g*r**2 + 7*r + 7*r**2. What is f(5)?
-5
Let d(q) = q + 4. Let p(a) = -6 + 3 + a - 1. Let j be p(0). Let h = 8 + j. What is d(h)?
8
Let u(b) = -49*b - 4. Let z(w) = 23*w + 2. Let l(p) = 2*u(p) + 5*z(p). Determine l(2).
36
Let w(v) be the second derivative of -v**5/20 + v**4/2 + 3*v**3/2 - 4*v**2 + 21*v. Give w(7).
6
Let i = -2 + -7. Let x(u) = -u**2 - 8*u + 10. Let t be x(i). Let m(d) be the second derivative of 5*d**4/12 + d**2/2 + 19*d. What is m(t)?
6
Let s(z) = -3*z + 3. Let b = -76 + 80. Suppose b*d = p - 22, 3*p - 28 = -p + d. Calculate s(p).
-15
Suppose -27*a = -2*a - 125. Let i(w) be the first derivative of -1/3*w**3 + 0*w + 2*w**2 - 1. Give i(a).
-5
Let k(q) = -q**3 + q**2 - q + 3. Let t be k(0). Let z(o) = 7*o - 5. Let l(r) = -7*r + 70 - 6*r - 61. Let w(h) = 3*l(h) + 5*z(h). What is w(t)?
-10
Let s(l) = 2 - 2*l**2 - 6 + 3 + 4*l. Let i(g) = -g**2 + 4*g - 1. Let a(z) = 3*i(z) - 2*s(z). Calculate a(-3).
-4
Let w = -33 + 32. Let c = -11 - w. Let x(v) = -2*v - 24. Let d be x(c). Let a(u) = 2*u + 2. What is a(d)?
-6
Let r = -38 + 40. Let t(d) = -3*d + 1 + d + 2*d - r*d. Let x be (-1*2)/(2/1). Determine t(x).
3
Suppose -103 - 62 = 5*y. Let v = 39 + y. Let u(m) = -6 + 4*m - 3 - m. Calculate u(v).
9
Let g(a) = a + 7. Let b be 35/10*2 + 1. Let m be (-18)/24 - 34/b. What is g(m)?
2
Let x(b) = -2*b**2 - 6*b + 7. Let j be x(-7). Let f = j + 87. Let r(d) = -29 - d + 69 - f. What is r(3)?
-1
Let u(r) = r**3 - 5*r**2 + 4*r + 6. Let t = -1061 + 1065. Determine u(t).
6
Let b be (120/(-66))/(18/(-99)). Let r(f) = -3*f + 14. What is r(b)?
-16
Let b(o) be the second derivative of -o**4/12 + o**3/2 + 3*o**2 + 56*o - 2. What is b(5)?
-4
Suppose -2*w - f - 4*f + 6 = 0, 5*w + 18 = 4*f. Let u = -1 - w. Let t(h) = -3*h + 0*h + 5*h - u. Give t(3).
5
Suppose 2*r + 4 = 4*r. Let d(w) = 2*w - 5. Calculate d(r).
-1
Let h be (-19)/24 - (7 + -7 + -1). Let y(u) be the third derivative of 1/60*u**5 + 0*u - 5/6*u**3 - 7*u**2 + 0 - h*u**4. Determine y(5).
-5
Let o(u) = u**2 + 8*u. Let b(q) = 2*q**2 + 18*q. Let p(j) = -4*b(j) + 9*o(j). Determine p(-5).
25
Suppose 4*u - 4*f = 28, f - 2*f + 1 = 3*u. Let p(k) = k**3 - 2*k + 8 - 12 - 2*k**2 + 7. What is p(u)?
-1
Suppose f = 6 + 2. Let b(t) = -3*t - 2*t**2 - f*t**2 + 0 + 5*t**2 - t**3 + 2. Let q = 5 + -8. Calculate b(q).
-7
Let m = -34 + 22. Let t = m - -10. Let u be 6 + 6/t - -2. Let z(v) = v**3 - 6*v**2 + 3*v + 7. Determine z(u).
-3
Let i(x) = -x**2 + x. Let h(q) = 4*q**2 - 5*q - 13. Let f(m) = -h(m) - 5*i(m). Give f(0).
13
Let u(s) = -5*s**2 - 26*s - 3. Let l(x) = -4*x**2 - 22*x - 3. Let h(p) = 6*l(p) - 5*u(p). What is h(-2)?
5
Suppose -2*f + 2*d = 4*d - 24, 4*f - 30 = 2*d. Let s(n) = 12*n - 11*n - 11 - f + 21. Determine s(-3).
-2
Let n(h) = 8*h + 39 - 40 + 28. Let w(t) = 4*t + 13. Let y(s) = 6*n(s) - 13*w(s). What is y(-8)?
25
Let p(d) be the third derivative of 5*d**4/6 - d**3/6 + d**2. Let v = 2572 + -2571. Calculate p(v).
19
Suppose 11*s - 9*s - 3*f = -14, 21 = -3*s - 5*f. Let x(c) = c**2 + 9*c - 4. Give x(s).
-18
Let u(k) = -6*k**3 + 8*k**2 + 31*k + 21. Let r(h) = h**3 - 2*h**2 - 6*h - 4. Let w(o) = -11*r(o) - 2*u(o). Give w(-5).
7
Let t(w) = -13*w + 8. Let m be 3*8/(-6) + (-2 - -1). Let z(v) = -84*v + 52. Let y(b) = m*z(b) + 32*t(b). Determine y(-4).
-20
Let d(k) = -6 - 4637*k**3 + 4636*k**3 - 11*k**2 - 1. Give d(-11).
-7
Let f = 105 + -83. Suppose 3*m = 5*l - 29, -2*m + 0*l = -4*l + f. Let k(c) = c**3 - 5*c - 3. Give k(m).
-15
Let h = -35 - -37. Let u(r) = 6*r - 3 + 8*r**h - 2 + r**3 - 5. What is u(-7)?
-3
Let z(n) be the third derivative of n**4/24 + 17*n**3/6 - 8*n**2. What is z(-13)?
4
Let v = 36 + -20. Let i(x) = 7 + 7 - v - 3*x. Let d = 3 + -5. Give i(d).
4
Let x(q) be the third derivative of 0 + 1/6*q**3 + 0*q - 7*q**2 - 1/3*q**4. Give x(-1).
9
Let q(f) = -6*f - 16. Suppose -28 = -14*v - 84. Calculate q(v).
8
Let o(q) = -9*q + 5*q**2 - 25 + 57 - 4*q**2 - 16. Give o(5).
-4
Let l(t) = -t**2 - 7*t - 7. Suppose -x - 3*g = -2*x + 2, 5*x = 2*g + 10. Suppose 6*w = x*w - 20. Let f be l(w). Let b(j) = -j**3 + 4*j**2 - j - 4. What is b(f)?
2
Let g = -45 + 38. Let d(y) = y. Give d(g).
-7
Let j = 18 - 22. Let z be (1/j)/(1/(-12)). Let r(x) = z + 10 + 2*x - 3*x + 2*x. Calculate r(0).
13
Let r(g) = g**3 + g**2 + g - 2. Let z(u) = 10*u**2 + 10*u + 9. Let l(v) = -r(v) - z(v). Calculate l(-10).
3
Let k be (-9)/2 + (-1)/(-2). Let n(h) = -5*h + 1. What is n(k)?
21
Let r be 2 + 0 + 0/(-3). Let n = 4 + r. Let f(z) = 1 - n + 2*z + 4 + 2. Give f(2).
5
Suppose -4*l - 165*t = -162*t + 16, 2*t + 12 = -4*l. Let p(m) = -5*m**3 + 2*m**2 + 3*m + 2. Determine p(l).
6
Let r(q) = -18 + 19 + 2*q - 2*q + q - q**2. Calculate r(5).
-19
Let h(o) = 3*o + 4. Suppose 6*a - 8 = 4*a. Suppose 0 = -5*j + 2*j - 3*y - 18, 2*y - 12 = a*j. Give h(j).
-8
Let x be (-290)/50 + 2/(-10). Let b be 6/(-8) + 2/(-8). Let d = b - x. Let l(c) = -c**2 + 5*c + 6. Calculate l(d).
6
Let r(w) = w**3 - 2*w**2 + w. Let g be r(1). Let a be (3 - 5) + g - -21. Suppose a*z - 17*z = 8. Let b(c) = -c - 4. Give b(z).
-8
Let y(k) = -18*k + 15*k + 12*k**2 - 18*k**2 + 4 - k**3. What is y(-5)?
-6
Let i = 65 - 64. Let d(q) = q. Let b(u) = -3*u + 17. Let c(j) = i*b(j) + 4*d(j). Determine c(0).
17
Suppose 0 = -3*a - 3, 0 = 5*g - 3*a + 8 + 9. Let n be (104/(-39))/(g/(-6)). Let k(f) = -1 + 8 - 1 + f. Determine k(n).
2
Let f(j) = j**2 + 5*j. Let q be 50/(-14) + (-78)/182. Give f(q).
-4
Let q(b) be the third derivative of 5*b**4/8 + b**3/2 + 4*b**2. Let l(z) = -7*z - 2. Let w(f) = -5*l(f) - 2*q(f). Give w(-3).
-11
Let d be (-14)/(-1)*(-1)/2. Suppose -5*z - 49 = -59. Let f(w) = -z*w + 3 + 5 + w - 7. Determine f(d).
8
Let y(v) = 4*v + 8. Let f(u) = -5*u - 8. Let x(t) = 5*f(t) + 6*y(t). Let r = -69 + 77. What is x(r)?
0
Let r = 16 - 30. Let b = r - -17. Suppose -2*n - 5 = -b. Let s(j) = -13*j**3 + j. Give s(n).
12
Suppose w + 4*w - 15 = 0. Let p(f) = -42*f**3 + 3*f**2 - 222*f - 30. Let b(l) = 11*l**3 - l**2 + 58*l + 8. Let a(d) = -23*b(d) - 6*p(d). Give a(w).
8
Let d(o) = -29*o + 44. Let f(n) = 10*n - 15. Let z(s) = 6*d(s) + 17*f(s). Determine z(7).
-19
Let l(w) = -15*w**2 + 8*w + 8. Let n(g) = 14*g**2 - 7*g - 7. Suppose 3*y + 15 = 2*u, 4*u - u - 26 = 5*y. Let r(k) = y*n(k) - 6*l(k). Calculate r(-1).
-8
Suppose 0 = 10*j + 3*j. Suppose -9*p - 50 + 5 = j. Let g(i) = i**2 + 4*i + 7. Determine g(p).
12
Let i(t) = -t + 1. Let w be 2*34/(-4)*1. Let j = -15 - w. Suppose 0 = -3*g - r + 2*r + 4, -3*g + j*r + 8 = 0. Calculate i(g).
1
Let b(r) = 4. Let y(z) = z - 30. Let n(t) = -6*b(t) - y(t). Calculate n(4).
2
Let a(v) = v**2 - 8*v + 9. Let i be 6 + (0/4)/11. Give a(i).
-3
Let s(d) = 4*d + 8. Let o(g) = -23*g - 47. Let n(h) = 6*o(h) + 34*s(h). Let q = -1101 - -1094. What is n(q)?
4
Let g(b) = b**3 + 6*b**2 + b - 2. Let l(c) = 2*c**3 + 12*c**2 + 2*c - 4. Let p(f) = 5*g(f) - 2*l(f). Suppose 0*o + 80 = -4*o. Let k = -25 - o. Give p(k).
18
Let c(v) = -v**2 + 1 + 5*v + 24*v**3 - 31*v + 22*v + 3*v - 2. Calculate c(-1).
-25
Let h(g) = g**3 - g**2 - 2*g - 1. Let x(w) = w**3 - 2*w**2 - 2*w - 1. Let d(b) = 6*h(b) - 5*x(b). Let r = 0 - 4. Determine d(r).
7
Let n(o) = -o**2 + 11*o + 4. Suppose -k + 6 - 3 = 0. Suppose 0 = k*g - 38 + 8. Calculate n(g).
14
Let x(l) be the first derivative of 2*l**2 + 7*l + 162. Give x(5).
27
Suppose 9 = -3*g + 18. Let s(q) = -g*q + 8*q**2 - 9*q**2 + 0*q + 5*q. Calculate s(3).
-3
Let u(o) = -o + 16. Let w(s) = -s**2 - 5*s + 14.